{"id":75200,"date":"2021-03-02T12:51:45","date_gmt":"2021-03-02T12:51:45","guid":{"rendered":"https:\/\/www.fotograficalazoi.it\/me\/?page_id=75200"},"modified":"2021-05-12T09:11:28","modified_gmt":"2021-05-12T09:11:28","slug":"formazione","status":"publish","type":"page","link":"https:\/\/www.fotograficalazoi.it\/me\/formazione\/","title":{"rendered":"Photo Basics"},"content":{"rendered":"\n<p>Vuoi davvero accrescere la tua cultura fotografica?<\/p>\n\n\n\n<p>Vorresti scattare delle vere fotografie ma i tuoi risultati sono sempre scarsi?<\/p>\n\n\n\n<p>Vuoi riuscire a produrre il tuo primo fantastico progetto fotografico?<\/p>\n\n\n\n<p><strong>QUESTO E&#8217; IL CORSO DI FORMAZIONE FOTOGRAFICA CHE FA PER TE!<\/strong><\/p>\n\n\n\n<p>Dopo aver compreso veramente cos&#8217;\u00e8 la fotografia ed il suo mondo acquisirai le competenze per utilizzare al meglio la macchina fotografica, gestire la luce e produrre finalmente le tue personali opere con soddisfazione.<\/p>\n\n\n\n<p><strong>QUANTO DURA LA FORMAZIONE?<\/strong><br>Il corso \u00e8 progettato per darti il massimo delle competenze di base attraverso le 5 lezioni in aula ed a mettere subito in pratica le nozioni acquisite nei 2 giorni dedicati allo scatto, per un totale di 7 incontri.<\/p>\n\n\n\n<p>Le 5 lezioni  in aula ti guideranno attraverso il fantastico mondo della fotografia e della tecnologia che oggi ruota attorno ad esso. I due giorni dedicati alle sessioni pratiche saranno delle vere e proprie esperienze sul campo, in studio scriveremo con la luce e congeleremo le azioni attraverso le specifiche tecniche di scatto, in esterna invece impareremo a gestire la luce ambiente sfruttandola a nostro vantaggio.<\/p>\n\n\n\n<p>La formazione di base si svolger\u00e0 in presenza nel rispetto delle vigenti regole anti covid previste per legge.<\/p>\n\n\n\n<p><strong>QUANDO SI PARTE?<\/strong><br>La formazione avr\u00e0 inizio luned\u00ec 17 Maggio.<br>Gli appuntamenti si svolgeranno nei giorni 17, 18, 19, 20 dalle ore 19:00 alle ore 21:00, la sessione in esterna sar\u00e0 il 22 dalle 16:00 alle 18:00  terminando giorno 23 in aula dalle ore 9:00 alle ore 12:00 con la produzione del progetto finale e la consegna degli attestati.<\/p>\n\n\n\n<p><strong>QUANTO COSTA PARTECIPARE?<\/strong><br>La formazione completa di 7 incontri con produzione del progetto fotografico personale stampato e consegna dell&#8217;attestato di partecipazione ha un costo di <s>\u20ac 219.00 <\/s><br><strong>IN PROMOZIONE A \u20ac 149.00 <\/strong><br>Approfitta subito della promozione!<br>Puoi iscriverti versando subito la met\u00e0 della quota, il saldo \u00e8 programmato giorno 22 marzo. Potrai decidere il metodo di pagamento pi\u00f9 comodo per te indicandolo successivamente alla mail di conferma che riceverai.<\/p>\n\n\n\n<p>Compila il modulo e iscriviti subito!<\/p>\n\n\n\n<div role=\"form\" class=\"wpcf7\" id=\"wpcf7-f75216-o1\" lang=\"it-IT\" dir=\"ltr\">\n<div class=\"screen-reader-response\"><p role=\"status\" aria-live=\"polite\" aria-atomic=\"true\"><\/p> <ul><\/ul><\/div>\n<form action=\"\/me\/wp-json\/wp\/v2\/pages\/75200#wpcf7-f75216-o1\" method=\"post\" class=\"wpcf7-form init\" novalidate=\"novalidate\" data-status=\"init\">\n<div style=\"display: none;\">\n<input type=\"hidden\" name=\"_wpcf7\" value=\"75216\" \/>\n<input type=\"hidden\" name=\"_wpcf7_version\" value=\"5.6.4\" \/>\n<input type=\"hidden\" name=\"_wpcf7_locale\" value=\"it_IT\" \/>\n<input type=\"hidden\" name=\"_wpcf7_unit_tag\" value=\"wpcf7-f75216-o1\" \/>\n<input type=\"hidden\" name=\"_wpcf7_container_post\" value=\"0\" \/>\n<input type=\"hidden\" name=\"_wpcf7_posted_data_hash\" value=\"\" \/>\n<input type=\"hidden\" name=\"_wpcf7_recaptcha_response\" value=\"\" \/>\n<\/div>\n<p>Nome<br \/>\n<span class=\"wpcf7-form-control-wrap\" data-name=\"text-417\"><input type=\"text\" name=\"text-417\" value=\"\" size=\"40\" class=\"wpcf7-form-control wpcf7-text wpcf7-validates-as-required\" aria-required=\"true\" aria-invalid=\"false\" \/><\/span><\/p>\n<p>Cognome<br \/>\n<span class=\"wpcf7-form-control-wrap\" data-name=\"text-272\"><input type=\"text\" name=\"text-272\" value=\"\" size=\"40\" class=\"wpcf7-form-control wpcf7-text wpcf7-validates-as-required\" aria-required=\"true\" aria-invalid=\"false\" \/><\/span><\/p>\n<p>indirizzo e-mail<br \/>\n<span class=\"wpcf7-form-control-wrap\" data-name=\"email-993\"><input type=\"email\" name=\"email-993\" value=\"\" size=\"40\" class=\"wpcf7-form-control wpcf7-text wpcf7-email wpcf7-validates-as-email\" aria-invalid=\"false\" \/><\/span><\/p>\n<p>telefono<br \/>\n<span class=\"wpcf7-form-control-wrap\" data-name=\"tel-192\"><input type=\"tel\" name=\"tel-192\" value=\"\" size=\"40\" class=\"wpcf7-form-control wpcf7-text wpcf7-tel wpcf7-validates-as-required wpcf7-validates-as-tel\" aria-required=\"true\" aria-invalid=\"false\" \/><\/span><\/p>\n<p>Che tipo di fotocamera possiedi?<br \/>\n<span class=\"wpcf7-form-control-wrap\" data-name=\"menu-554\"><select name=\"menu-554\" class=\"wpcf7-form-control wpcf7-select\" aria-invalid=\"false\"><option value=\"Reflex\">Reflex<\/option><option value=\"Mirrorless\">Mirrorless<\/option><option value=\"Analogica\">Analogica<\/option><option value=\"Compatta\">Compatta<\/option><option value=\"Nessuna\">Nessuna<\/option><\/select><\/span><\/p>\n<p><label> Lascia un messaggio (facoltativo)<br \/>\n    <span class=\"wpcf7-form-control-wrap\" data-name=\"your-message\"><textarea name=\"your-message\" cols=\"40\" rows=\"10\" class=\"wpcf7-form-control wpcf7-textarea\" aria-invalid=\"false\"><\/textarea><\/span> <\/label><\/p>\n<p><input type=\"submit\" value=\"ISCRIVITI\" class=\"wpcf7-form-control has-spinner wpcf7-submit\" \/><\/p>\n<p style=\"display: none !important;\"><label>&#916;<textarea name=\"_wpcf7_ak_hp_textarea\" cols=\"45\" rows=\"8\" maxlength=\"100\"><\/textarea><\/label><input type=\"hidden\" id=\"ak_js_1\" name=\"_wpcf7_ak_js\" value=\"4\"\/><script>document.getElementById( \"ak_js_1\" ).setAttribute( \"value\", ( new Date() ).getTime() );<\/script><\/p><div class=\"wpcf7-response-output\" aria-hidden=\"true\"><\/div><\/form><\/div>\n","protected":false},"excerpt":{"rendered":"<p>Vuoi davvero accrescere la tua cultura fotografica? Vorresti scattare delle vere fotografie ma i tuoi risultati sono sempre scarsi? Vuoi [&hellip;]<\/p>\n","protected":false},"author":5,"featured_media":75228,"parent":0,"menu_order":0,"comment_status":"closed","ping_status":"closed","template":"","meta":{"ngg_post_thumbnail":0,"jetpack_post_was_ever_published":false},"jetpack_sharing_enabled":true,"jetpack_shortlink":"https:\/\/wp.me\/PaexwG-jyU","_links":{"self":[{"href":"https:\/\/www.fotograficalazoi.it\/me\/wp-json\/wp\/v2\/pages\/75200"}],"collection":[{"href":"https:\/\/www.fotograficalazoi.it\/me\/wp-json\/wp\/v2\/pages"}],"about":[{"href":"https:\/\/www.fotograficalazoi.it\/me\/wp-json\/wp\/v2\/types\/page"}],"author":[{"embeddable":true,"href":"https:\/\/www.fotograficalazoi.it\/me\/wp-json\/wp\/v2\/users\/5"}],"replies":[{"embeddable":true,"href":"https:\/\/www.fotograficalazoi.it\/me\/wp-json\/wp\/v2\/comments?post=75200"}],"version-history":[{"count":13,"href":"https:\/\/www.fotograficalazoi.it\/me\/wp-json\/wp\/v2\/pages\/75200\/revisions"}],"predecessor-version":[{"id":75342,"href":"https:\/\/www.fotograficalazoi.it\/me\/wp-json\/wp\/v2\/pages\/75200\/revisions\/75342"}],"wp:featuredmedia":[{"embeddable":true,"href":"https:\/\/www.fotograficalazoi.it\/me\/wp-json\/wp\/v2\/media\/75228"}],"wp:attachment":[{"href":"https:\/\/www.fotograficalazoi.it\/me\/wp-json\/wp\/v2\/media?parent=75200"}],"curies":[{"name":"wp","href":"https:\/\/api.w.org\/{rel}","templated":true}]}}

<p>Vuoi davvero accrescere la tua cultura fotografica?</p>



<p>Vorresti scattare delle vere fotografie ma i tuoi risultati sono sempre scarsi?</p>



<p>Vuoi riuscire a produrre il tuo primo fantastico progetto fotografico?</p>



<p><strong>QUESTO E&#8217; IL CORSO DI FORMAZIONE FOTOGRAFICA CHE FA PER TE!</strong></p>



<p>Dopo aver compreso veramente cos&#8217;è la fotografia ed il suo mondo acquisirai le competenze per utilizzare al meglio la macchina fotografica, gestire la luce e produrre finalmente le tue personali opere con soddisfazione.</p>



<p><strong>QUANTO DURA LA FORMAZIONE?</strong><br>Il corso è progettato per darti il massimo delle competenze di base attraverso le 5 lezioni in aula ed a mettere subito in pratica le nozioni acquisite nei 2 giorni dedicati allo scatto, per un totale di 7 incontri.</p>



<p>Le 5 lezioni  in aula ti guideranno attraverso il fantastico mondo della fotografia e della tecnologia che oggi ruota attorno ad esso. I due giorni dedicati alle sessioni pratiche saranno delle vere e proprie esperienze sul campo, in studio scriveremo con la luce e congeleremo le azioni attraverso le specifiche tecniche di scatto, in esterna invece impareremo a gestire la luce ambiente sfruttandola a nostro vantaggio.</p>



<p>La formazione di base si svolgerà in presenza nel rispetto delle vigenti regole anti covid previste per legge.</p>



<p><strong>QUANDO SI PARTE?</strong><br>La formazione avrà inizio lunedì 17 Maggio.<br>Gli appuntamenti si svolgeranno nei giorni 17, 18, 19, 20 dalle ore 19:00 alle ore 21:00, la sessione in esterna sarà il 22 dalle 16:00 alle 18:00  terminando giorno 23 in aula dalle ore 9:00 alle ore 12:00 con la produzione del progetto finale e la consegna degli attestati.</p>



<p><strong>QUANTO COSTA PARTECIPARE?</strong><br>La formazione completa di 7 incontri con produzione del progetto fotografico personale stampato e consegna dell&#8217;attestato di partecipazione ha un costo di <s>€ 219.00 </s><br><strong>IN PROMOZIONE A € 149.00 </strong><br>Approfitta subito della promozione!<br>Puoi iscriverti versando subito la metà della quota, il saldo è programmato giorno 22 marzo. Potrai decidere il metodo di pagamento più comodo per te indicandolo successivamente alla mail di conferma che riceverai.</p>



<p>Compila il modulo e iscriviti subito!</p>



<div role="form" class="wpcf7" id="wpcf7-f75216-o1" lang="it-IT" dir="ltr">
<div class="screen-reader-response"><p role="status" aria-live="polite" aria-atomic="true"></p> <ul></ul></div>
<form action="/me/wp-json/wp/v2/pages/75200#wpcf7-f75216-o1" method="post" class="wpcf7-form init" novalidate="novalidate" data-status="init">
<div style="display: none;">
<input type="hidden" name="_wpcf7" value="75216" />
<input type="hidden" name="_wpcf7_version" value="5.6.4" />
<input type="hidden" name="_wpcf7_locale" value="it_IT" />
<input type="hidden" name="_wpcf7_unit_tag" value="wpcf7-f75216-o1" />
<input type="hidden" name="_wpcf7_container_post" value="0" />
<input type="hidden" name="_wpcf7_posted_data_hash" value="" />
<input type="hidden" name="_wpcf7_recaptcha_response" value="" />
</div>
<p>Nome<br />
<span class="wpcf7-form-control-wrap" data-name="text-417"><input type="text" name="text-417" value="" size="40" class="wpcf7-form-control wpcf7-text wpcf7-validates-as-required" aria-required="true" aria-invalid="false" /></span></p>
<p>Cognome<br />
<span class="wpcf7-form-control-wrap" data-name="text-272"><input type="text" name="text-272" value="" size="40" class="wpcf7-form-control wpcf7-text wpcf7-validates-as-required" aria-required="true" aria-invalid="false" /></span></p>
<p>indirizzo e-mail<br />
<span class="wpcf7-form-control-wrap" data-name="email-993"><input type="email" name="email-993" value="" size="40" class="wpcf7-form-control wpcf7-text wpcf7-email wpcf7-validates-as-email" aria-invalid="false" /></span></p>
<p>telefono<br />
<span class="wpcf7-form-control-wrap" data-name="tel-192"><input type="tel" name="tel-192" value="" size="40" class="wpcf7-form-control wpcf7-text wpcf7-tel wpcf7-validates-as-required wpcf7-validates-as-tel" aria-required="true" aria-invalid="false" /></span></p>
<p>Che tipo di fotocamera possiedi?<br />
<span class="wpcf7-form-control-wrap" data-name="menu-554"><select name="menu-554" class="wpcf7-form-control wpcf7-select" aria-invalid="false"><option value="Reflex">Reflex</option><option value="Mirrorless">Mirrorless</option><option value="Analogica">Analogica</option><option value="Compatta">Compatta</option><option value="Nessuna">Nessuna</option></select></span></p>
<p><label> Lascia un messaggio (facoltativo)<br />
    <span class="wpcf7-form-control-wrap" data-name="your-message"><textarea name="your-message" cols="40" rows="10" class="wpcf7-form-control wpcf7-textarea" aria-invalid="false"></textarea></span> </label></p>
<p><input type="submit" value="ISCRIVITI" class="wpcf7-form-control has-spinner wpcf7-submit" /></p>
<p style="display: none !important;"><label>&#916;<textarea name="_wpcf7_ak_hp_textarea" cols="45" rows="8" maxlength="100"></textarea></label><input type="hidden" id="ak_js_1" name="_wpcf7_ak_js" value="4"/><script>document.getElementById( "ak_js_1" ).setAttribute( "value", ( new Date() ).getTime() );</script></p><div class="wpcf7-response-output" aria-hidden="true"></div></form></div>
